{"id":14,"date":"2024-02-21T07:37:18","date_gmt":"2024-02-21T07:37:18","guid":{"rendered":"http:\/\/joseeloyhortal.com\/?page_id=14"},"modified":"2025-11-17T11:15:51","modified_gmt":"2025-11-17T11:15:51","slug":"teaching","status":"publish","type":"page","link":"https:\/\/joseeloyhortal.com\/index.php\/teaching\/","title":{"rendered":"Teaching"},"content":{"rendered":"<p style=\"text-align: center;\"><strong>Innovative education publications<\/strong><\/p>\n<p style=\"text-align: justify;\"><em>Books as editor<\/em><\/p>\n<ul style=\"text-align: justify;\">\n<li style=\"text-align: justify;\">J. E. Hortal Mu\u00f1oz, M. Rivero Rodr\u00edguez and E. Torres Corominas (dirs.) and J. Pajar\u00edn Dom\u00ednguez (ed.), <em>La ense\u00f1anza de las Humanidades y Ciencias Sociales a trav\u00e9s del mundo digital. Selecci\u00f3n de los mejores trabajos del MOOC Como escribir un texto acad\u00e9mico en Humanidades y Ciencias Sociales<\/em>, Madrid, Ediciones Digitales (Ed.), 2017 (with introduction)<\/li>\n<li style=\"text-align: justify;\">M. Getrudix Barrio, N. Esteban S\u00e1nchez, J. E. Hortal Mu\u00f1oz and M\u00aa. C. G\u00e1lvez (eds.), <em>La innovaci\u00f3n docente con TIC como instrumento de transformaci\u00f3n<\/em>, Madrid, Dykinson, 2016 (with introduction)<\/li>\n<li style=\"text-align: justify;\">M. Gertrudix Barrio, N. Esteban S\u00e1nchez and J. E. Hortal Mu\u00f1oz (eds.),\u00a0<em>Proyectos de innovaci\u00f3n docente y experiencias educativas con TIC<\/em>, Madrid, Dykinson, 2015 (with introduction)<\/li>\n<\/ul>\n<p style=\"text-align: justify;\"><em>Book Chapters<\/em><\/p>\n<ul style=\"text-align: justify;\">\n<li>Together with S. Oronoz Rodr\u00edguez, \u201cAplicaci\u00f3n de las TIC a las Humanidades en la Universidad Rey Juan Carlos: el grupo CINTER\u201d, at P. Mart\u00ednez Garc\u00eda, <em>El pasado en la pantalla: cine y humanidades digitales<\/em>, Murcia, Editum, 2022, pp. 99-113<\/li>\n<li>\u00abInnovaci\u00f3n docente en Artes y Humanidades en la Universidad Rey Juan Carlos\u00bb, at C. C\u00e1ceres Taladriz, N. Esteban S\u00e1nchez, M\u00aa del C. G\u00e1lvez de la Cuesta and B. Rivas Rebaque (eds.), <em>Aplicaciones de las plataformas de ense\u00f1anza virtual a la Educaci\u00f3n Superior<\/em>, Madrid, Dykinson-URJC, 2021, pp. 77-86<\/li>\n<li style=\"text-align: justify;\">Together with M. Ramos de Castro, \u00abDesarrollo de un Plan de Innovaci\u00f3n Docente para la mejora de la calidad de las titulaciones semipresenciales: El I Plan de Innovaci\u00f3n Docente URJC Online\u00bb, at M\u00aa T. Ramiro, T. Ramiro-Sanchez and M\u00aa P. Berm\u00fadez (Comp.), <em>Evaluaci\u00f3n de la Calidad de la Investigaci\u00f3n y de la Educaci\u00f3n Superior: Libro de res\u00famenes XII FECIES<\/em>, Granada, Asociaci\u00f3n Espa\u00f1ola de Psicolog\u00eda Conductual (AEPC), 2015, p. 58<\/li>\n<li style=\"text-align: justify;\">\u00abLa legislaci\u00f3n alimentaria ayer y hoy\u00bb, <em>I Jornada de estudiantes del Grado en Ciencia y Tecnolog\u00eda de los Alimentos<\/em>, Madrid, URJC, 2011<\/li>\n<li style=\"text-align: justify;\">Together with F. Labrador Arroyo and G. Versteegen, \u00abLa evaluaci\u00f3n continua en la asignatura Historia y Cultura de Espa\u00f1a en los grados de educaci\u00f3n primaria y educaci\u00f3n primaria bil\u00edng\u00fce\u00bb, at <em>III Jornadas sobre evaluaci\u00f3n de competencias en el marco del Espacio Europeo de Educaci\u00f3n Superior<\/em>, Madrid, URJC and MEC, 2011<\/li>\n<\/ul>\n<p style=\"text-align: justify;\"><strong>Lectures related with innovative education\u00a0<\/strong><\/p>\n<ul style=\"text-align: justify;\">\n<li>\u00abCourt and Etiquette of the Habsburg Spanish Monarchy (XVI-XVIIth centuries): the Spanish Monarchy as a monarchy of courts\u00bb, Erasmus + BIP program, students from Poland, Czech Republik and Slovakia, 10th December 2024 (online)<\/li>\n<li>Together with F. Labrador Arroyo and L. Walliser,\u00a0\u201cProyecto CINTER: Humanidades, Tecnolog\u00eda e Innovaci\u00f3n Educativa\u201d, at the Round Table for the Ph\u00b4d students of the Universidad Interamericana de Puerto Rico-Recinto de Ponce, participant at the Ph\u00b4d course <em>Gesti\u00f3n e Innovaci\u00f3n educativa<\/em> of the company Infinite Spur, Campus Madrid URJC, 16th January 2024<\/li>\n<li>\u00abUso de flipped classroom en el \u00e1mbito de las Artes y las Humanidades\u00bb, at the I <em>Seminario de Aula <\/em><em>Invertida en asignaturas de grados y m\u00e1steres de los \u00e1mbitos de las Ciencias Jur\u00eddicas, Ciencias de la <\/em><em>Econom\u00eda y de la Empresa, Artes y Humanidades y Ciencias de la Educaci\u00f3n<\/em>, Campus Madrid URJC, 25th January 2023<\/li>\n<li>Director of the Symposium\u00a0<em>La aplicaci\u00f3n de las TIC en Humanidades en la URJC: el grupo CINTER\u00a0<\/em>at the IV Conference CIDICO, Madrid, 12th November 2023<\/li>\n<li>\u00abPresentaci\u00f3n Grupo de Innovaci\u00f3n Docente InnovaCINTER\u00bb, VIII Jornadas de Innovaci\u00f3n Docente CEID URJC, M\u00f3stoles (Madrid), 25th November 2021<\/li>\n<li>Workshop \u00abUn nuevo reino en Europa: la soberan\u00eda de los Archiduques en los Pa\u00edses Bajos (1598-1621)\u00bb, for the Instituto de Investigaciones en Ciencias Sociales y Humanidades, CONICET-Universidad de Salta (Argentina), 25th June 2021<\/li>\n<li>Together with Luisa Walliser, \u201c<em>Humanities &amp; Arts &amp; ICT as a Powerful Partnership for the Dissemination of Cultural Heritage: the successful case study of the CINTER project (URJC) on The Heritage of Spanish Royal Sites<\/em>\u201d, at the Seminars\u00a0<em>International Bridge Building<\/em>, organized by Al Hussein Technical University of Amman, Jordan, online, 4th May 2021<\/li>\n<li>Together with Jorge Pajar\u00edn Dom\u00ednguez and Soraya Oronoz Rodr\u00edguez, \u201cHumanidades Digitales y conservaci\u00f3n y gesti\u00f3n del patrimonio en los Sitios reales: iniciativas del grupo CINTER de la URJC\u201d,\u00a0<em>Tercer portal cultural ESACH Madrid<\/em>, online, 4th March 2021<\/li>\n<li>\u201cHumanidades digitales: nuevas perspectivas en la URJC\u201d, at <em>Congreso: <\/em><em>El pasado en la pantalla<\/em>, organized by URJC, \u00cdtem and Sociedad Espa\u00f1ola de Estudios Medievales, online, 19th October 2020<\/li>\n<li>\u00abLa generaci\u00f3n de contenidos en abierto para MOOCS: v\u00eddeos y pantallas interactivas\u00bb,\u00a0<em>VI Jornadas de Innovaci\u00f3n Docente Centro Innovaci\u00f3n en Educaci\u00f3n Digital URJC<\/em>, session <em>Conocimiento y Cultura Libre para la Innovaci\u00f3n Docente<\/em>, M\u00f3stoles (Spain), 27th November 2019<\/li>\n<li>Expert invited to the Round Table<em>\u00a0Actividades del proyecto de investigaci\u00f3n \u201cRedes sociales, adolescentes y j\u00f3venes: convergencia de medios y cultura digital\u201d<\/em> (CSO2016-74980-c2-2-r), Madrid, 28th October 2019<\/li>\n<li>\u201cScreening MOOC <em>Los Sitios Reales como recurso profesional<\/em>\u00ab, conference<em>\u00a0Media &amp; Learning Conference,<\/em> Leuven (Belgium), 5th June 2019<\/li>\n<li>\u00abCultural and Heritage Tourism in Spain\u00bb, Winter Camp University of International Business and Economics UIBE (Beijing, China): 2017, <em>Behind the success of Spanish Tourism: insight and state-of-art management<\/em>, Madrid, 15th January 2017<\/li>\n<li>\u00abExperiencia Piloto eTwinning URJC\u201d, at the\u00a0<em>Seminario <\/em><em>eTwinning y el trabajo por proyectos. Aplicaci\u00f3n en la formaci\u00f3n del profesorado<\/em>, organized by M\u00e1ster en TIC aplicadas a la educaci\u00f3n URJC, M\u00f3stoles (Spain), 4th April 2016<\/li>\n<li>\u201cExperiencia en proyectos europeos de Ciencias Sociales\u201d,\u00a0<em>Jornada <\/em><em>Las Ciencias Sociales en el Marco Europeo H2020<\/em>, organized by the Vicerrectorado de Innovaci\u00f3n, Calidad Cient\u00edfica e Infraestructuras de Investigaci\u00f3n URJC, Vic\u00e1lvaro (Madrid), 19th November 2015<\/li>\n<li>Together with Marina Ramos de Castro, \u00abResultados del II plan de innovaci\u00f3n docente\u00bb,\u00a0<em>II Jornada de Innovaci\u00f3n Docente URJC online<\/em>, M\u00f3stoles (Madrid), 11th November 2015<\/li>\n<li>Together with Marina Ramos de Castro, \u00abResultados del I plan de innovaci\u00f3n docente\u00bb,\u00a0<em>I Jornada de Innovaci\u00f3n Docente URJC online<\/em>, M\u00f3stoles (Madrid), 12th December 2014<\/li>\n<li>\u00abLos MOOC en la actualidad\u00bb, Round Table\u00a0<em>I Jornada de Innovaci\u00f3n Docente URJC online<\/em>, M\u00f3stoles (Madrid), 11th December 2014<\/li>\n<li>\u00abLa Corte de la Monarqu\u00eda Hispana durante los siglos XVI y XVII (Aspectos institucionales y pol\u00edticos \/ Aspectos culturales)\u00bb, <em>43 ciclo de seminarios del Instituto de Estudios Hisp\u00e1nicos de la Universidad de Amberes<\/em>, Antwerp (Belgium), 7th December 2013<\/li>\n<li>\u00abLa legislaci\u00f3n alimentaria ayer y hoy\u00bb, Coordinator and speaker of the workshop\u00a0<em>I Jornada de estudiantes del Grado en Ciencia y Tecnolog\u00eda de los Alimentos URJC<\/em>, M\u00f3stoles (Spain), 19th September 2011<\/li>\n<\/ul>\n<p style=\"text-align: justify;\"><strong>Varia<\/strong><\/p>\n<ul style=\"text-align: justify;\">\n<li>Director of the Consolidated <a href=\"https:\/\/www.proyectocinter.com\/grupo-de-investigacion-docente\/\">Group of Innovative Education InnovaCINTER<\/a>, recognized by URJC Call in 2020<\/li>\n<li>Together with F\u00e9lix Labrador Arroyo, director of the permanent seminar CINTER at the Degree in History of the URJC (2018-currently)<\/li>\n<li>Conference \u201cLos oficiales de los Sitios Reales: La maquinaria de lo cotidiano en la \u00abf\u00e1brica y patronazgo de San Lorenzo de El Escorial y sus bosques\u00bb durante el siglo XVII\u201d, en las IV Jornadas de Patrimonio Mundial del Ayuntamiento de San Lorenzo de El Escorial, Casa de la Cultura, 16th November 2025<\/li>\n<li>Conference \u201cLos oficiales de los Sitios Reales. La maquinaria de lo cotidiano en Valladolid durante el reinado de Felipe IV\u201d, at the program \u201cEl Palacio Real de Valladolid a trav\u00e9s de sus protagonistas\u201d, organized by the C\u00e1tedra Palacio Real de Valladolid de Patrimonio Cultural y Defensa (Universidad de Valladolid \/ Ministerio de Defensa) and the Ayuntamiento de Valladolid, Valladolid, 24th April 2025<\/li>\n<li>Participant at\u00a0<em>Tercios en Flandes: un debate abierto<\/em>, organized by the association 31 Enero Tercios at the library <em>Tercios Viejos, <\/em>Madrid, 2d February 2023<\/li>\n<li>Coordinator of the Ph\u00b4d Seminar\u00a0\u201cSeminario en Humanidades: Lenguaje y Cultura\u201d, of the Escuela Internacional de Doctorado URJC, Madrid-Quintana, 2-3 de junio de 2025 (8 hours)<\/li>\n<li>Ph\u00b4d Seminar \u201cAplicaci\u00f3n de las TIC y otras herramientas para la investigaci\u00f3n, docencia y difusi\u00f3n de las Humanidades en la Universidad Rey Juan Carlos: CINTER e InnovaCINTER\u201d, for the Instituto de Historia Simancas (University of Valladolid), 20th February 2025 (2 hours)<\/li>\n<li>Ph\u00b4d seminar \u201cSitios y Geograf\u00edas Reales en la Edad Moderna: poder, espacio cortesano y control del territorio\u201d at the <em>Coloquios Investigadores del Departamento de Historia y Teor\u00eda del Arte<\/em> of the Ph\u00b4d program of History of Art UAM, 2d November 2023 (2 hours)<\/li>\n<li>Ph\u00b4d seminar \u00abLos jardines de las residencias reales en el contexto de los sitios y geograf\u00edas reales de la Edad Moderna\u00bb, at the Ph\u00b4d Program of Architecture of the Universit\u00e0 degli Studi di Napoli Federico II, 18th October 2023 (3 hours)<\/li>\n<li>Ph\u00b4d seminar\u00a0<em>Evoluci\u00f3n y desarrollo de una Corte de la Monarqu\u00eda Hispana: Malinas, Bruselas y los Pa\u00edses Bajos (Siglos XV-XVIII)\u00a0<\/em>at the University of Salta (Argentina), 40 hours, 29th May-1st June 2017<\/li>\n<li>Seminar \u00abLa Monarqu\u00eda Hisp\u00e1nica como una Monarqu\u00eda de Cortes\u00bb, at the Seminar Autumm 2022 <em>Arte y expresiones del poder en la Espa\u00f1a de la Edad Moderna <\/em>of the <em>M\u00e1ster en estudios avanzados en Historia del Arte Espa\u00f1ol<\/em>, Itinerario de Arte de la Edad Moderna, Universidad Complutense de Madrid, 14th November 2022<\/li>\n<li>Participation at the UNED Course\u00a0<em>Los Reales Sitios en la Edad Media<\/em>, with the masterclass\u00a0<em><a href=\"https:\/\/www.intecca.uned.es\/portalavip\/grabacion.php?ID_Sala=3&amp;ID_Grabacion=301512&amp;hashData=6412ce8eeec3e16e8ebcd865a27b7702&amp;amp%3BparamsToCheck=SURfR3JhYmFjaW9uLElEX1NhbGEs\">Los Sitios Reales como elemento clave del sistema pol\u00edtico cortesano: origen, funciones y evoluci\u00f3n desde la Edad Media<\/a>,<\/em>\u00a0Segovia (Spain), 25th September 2018<\/li>\n<li>Participation at the UAM Summer Course\u00a0<em>Fiesta, Ocio y<\/em> <em>diversi\u00f3n en la Espa\u00f1a del Siglo de Oro<\/em>, with the masterclass<em>\u00a0\u201c<\/em>Los reales sitios, lugares de ocio y esparcimiento\u201d, Alc\u00e1zar de San Juan (Ciudad Real), 6th July 2021<\/li>\n<li>Participation at the UAM Summer Course\u00a0<em>La Guerra de los Treinta A\u00f1os como\u00a0conflicto confesional (1618-2018)<\/em>, with the masterclass \u00abLa influencia de la Guerra de los Treinta A\u00f1os en los Pa\u00edses Bajos: la configuraci\u00f3n de la Corte de Bruselas y de su Capilla Real\u00bb, Alc\u00e1zar de San Juan (Ciudad Real), 19th June 2018<\/li>\n<li>Lecture \u00abI Siti Reali e le monarchie europee in et\u00e0 moderna\u00bb, at the Ph\u00b4d Program of Architecture of the Universit\u00e0 degli Studi di Napoli Federico II, 10\/05\/2019 (2 hours)<\/li>\n<li>Director of the MOOC\u00a0<a href=\"https:\/\/urjcx.urjc.es\/courses\/course-v1:URJCx+URJCx110+AH\/about\"><em>Los Sitios Reales como recurso profesional<\/em><\/a>, at the platform urjcX since October 2018 (8 editions 2019-currently)\n<ul>\n<li><a href=\"http:\/\/joseeloyhortal.com\/wp-content\/uploads\/2019\/06\/MEDEA-Awards-2019_press-release_finalists_20190506.pdf\">Finalist MEDEA-Awards-2019<\/a><\/li>\n<li>Lecture at the Media &amp; Learning Conference Leuven (Belgium), 5th June 2019, Screening\u00a0MOOC\u00a0<em>Los Sitios Reales como recurso profesional<\/em><\/li>\n<\/ul>\n<\/li>\n<li>Director of the MOOC <a href=\"https:\/\/miriadax.net\/web\/como-elaborar-un-texto-academico-en-humanidades-y-ciencias-sociales-3-edicion-\"><em>Como escribir un texto acad\u00e9mico en Humanidades y Ciencias Sociales<\/em><\/a>, at the platform MiriadaX since january 2015 (6 editions 2015-20)\n<ul>\n<li><a href=\"https:\/\/www.genbeta.com\/web\/los-mejores-100-cursos-de-2017-de-la-programacion-a-los-negocios-pasando-por-las-ciencias-y-las-humanidades\" target=\"_blank\" rel=\"noopener\">Elected between the best 100 MOOC of the world<\/a><\/li>\n<\/ul>\n<\/li>\n<li>First Prize II <em>Premios Profesores Innovadores<\/em> de URJC online<\/li>\n<li>Excellent professor (3) by the Docentia program (courses 2016-2018, 2019-2021 and 2022-2024)<\/li>\n<li>Two <em>quinquenios<\/em> (5-year term) of teaching<\/li>\n<li>Coordinator of the <a href=\"https:\/\/online.urjc.es\/es\/actualidad\/item\/192-seminario-etwinning-urjc\" target=\"_blank\" rel=\"noopener\"><em>Ist seminar E-Twinning URJC<\/em><\/a>, Fuenlabrada 25th march 2015<\/li>\n<li>Since 01\/04\/2014 until 31\/08\/2015, Advisory of Innovational Education for the Online studies of the URJC<\/li>\n<li><span style=\"line-height: 1.5em;\">Academic tuition of 19 students at the URJC for 3 years (<em>Tutor\u00edas integrales<\/em> program)<\/span><\/li>\n<li>Tutor ERASMUS of the Degree in Protocol (2019-2024)<\/li>\n<li>Member of the Academic Commission of the Ph\u00b4d program Humanidades: Lenguaje y Cultura of the Escuela Internacional de Doctorado URJC (2024-currently)<\/li>\n<li>Coordinator of the area of Early Modern History URJC (2024-currently)<\/li>\n<li>Class \u00abDe Patrimonio Din\u00e1stico a Patrimonio Nacional: Solo Madrid es Corte\u00bb, at the\u00a0<em>Semana Internacional del Patrimonio Integral,\u00a0<\/em>Universidad de Comillas (Madrid), 15th November 2024<\/li>\n<li><span style=\"line-height: 1.5em;\">Organizer of activities related with thirteenth Spanish <em>Semana de la Ciencia<\/em>: 24th (november 2024); 23th (november 2023); 22th (november 2022); 20th (november 2020); 19th (november 2019); 17th (november 2017); 16th (november 2016); <a title=\"Information at the spanish newspaper El Mundo\" href=\"http:\/\/www.elmundo.es\/madrid\/2015\/11\/02\/563342e4268e3ed0418b45b3.html\" target=\"_blank\" rel=\"noopener\">15th (november 2015)<\/a>; 14th (november 2014); 13th (november 2013); 12th (november 2012); 11th (november 2011); and 10th (november 2010)\u00a0<\/span><\/li>\n<li>Organizer of activities related with three Night of the Researchers, <a href=\"http:\/\/joseeloyhortal.com\/wp-content\/uploads\/2014\/02\/Programa-actividades-Vic\u00e1lvaro-2016_v9.pdf\" rel=\"\">30th september 2016<\/a>,\u00a0<a href=\"http:\/\/www.urjc.es\/images\/Investigacion\/cultura_cientifica\/Programa%20de%20actividades%20NOCHE%202015%20(para%20publicar%20en%20PDF).pdf\" target=\"_blank\" rel=\"noopener\">25th september 2015<\/a> and 26th september 2014. Main organizer at the Campus URJC at Aranjuez of the Night of the Researchers 28th september 2018.<\/li>\n<li>Organizer of activities related with the Second Pint of Science Spain, 16th May 2017<\/li>\n<li>Participant as applicant in 6 projects of innovative education (at universitary and secondary level), being three of them European (Comenius), and PI in 11 projects at universitary level<\/li>\n<li><span style=\"line-height: 1.5em;\">Fifteen courses completed and seminars attended in order to improve and gain innovative teaching skills at university level, and participation in three conferences orientated towards teaching training (with publication)<\/span><\/li>\n<li><span style=\"line-height: 1.5em;\">Fifteen courses completed and seminars attended in order to improve and gain research skills at university level<\/span><\/li>\n<li><span style=\"line-height: 1.5em;\">Certificate on Pedagogical Aptitude (CAP), Universidad Complutense de Madrid (1998)<\/span><\/li>\n<\/ul>\n<p style=\"text-align: justify;\"><strong>Educational stays abroad<\/strong><\/p>\n<ul style=\"text-align: justify;\">\n<li>Stay at Universiteit Utrecht (The Netherlands) as ERASMUS professor (6-9\/11\/2019)<\/li>\n<li>Stay at Universit\u00e0 degli Studi Federico II, Naples (Italy) as ERASMUS professor (6-10\/05\/2019)<\/li>\n<li>Stays at University of York (United Kingdom) as ERASMUS professor (20\/01-25\/01\/2016, 01\/05-06\/05\/2017)<\/li>\n<li>Stays at UGent (Belgium) as ERASMUS professor (05\/12-09\/12\/2011, 02\/12-06\/12\/2013)<\/li>\n<li><span style=\"line-height: 1.5em;\">Stay at Rijksuniversiteit Groningen (Netherlands) as ERASMUS\/SOCRATES Ph\u00b4D student (01\/09\/1997-30\/06\/1997)<\/span><\/li>\n<\/ul>\n<p style=\"text-align: justify;\"><strong>Academic staff supervised<\/strong><\/p>\n<table style=\"width: 100%;\" cellpadding=\"10\">\n<tbody>\n<tr>\n<td style=\"width: auto; padding-left: 5px;\"><strong>PhDs<\/strong><\/td>\n<td style=\"width: auto; padding-left: 5px;\"><strong>Supervisor<\/strong><\/td>\n<td style=\"width: auto; padding-left: 5px;\"><strong>Assistant supervisor<\/strong><\/td>\n<td style=\"width: auto; padding-left: 5px;\"><\/td>\n<\/tr>\n<tr>\n<td style=\"width: auto; padding-left: 35px;\">Ongoing<\/td>\n<td style=\"width: auto; padding-left: 5px; text-align: center;\">2<\/td>\n<td style=\"width: auto; padding-left: 5px; text-align: center;\"><\/td>\n<td style=\"width: auto; padding-left: 5px;\"><\/td>\n<\/tr>\n<tr>\n<td style=\"width: auto; padding-left: 35px;\">Successfully completed<\/td>\n<td style=\"width: auto; padding-left: 5px; text-align: center;\">1<\/td>\n<td style=\"width: auto; padding-left: 5px; text-align: center;\">2<\/td>\n<td style=\"width: auto; padding-left: 5px;\"><\/td>\n<\/tr>\n<tr>\n<td style=\"width: auto; padding-left: 5px;\"><\/td>\n<td style=\"width: auto; padding-left: 5px; text-align: center;\"><\/td>\n<td style=\"width: auto; padding-left: 5px; text-align: center;\"><\/td>\n<td style=\"width: auto; padding-left: 5px;\">Subtotal: 5<\/td>\n<\/tr>\n<tr>\n<td style=\"width: auto; padding-left: 5px;\"><strong>Postdocs<\/strong><\/td>\n<td style=\"width: auto; padding-left: 5px; text-align: center;\">2<\/td>\n<td style=\"width: auto; padding-left: 5px; text-align: center;\"><\/td>\n<td style=\"width: auto; padding-left: 5px;\"><\/td>\n<\/tr>\n<tr>\n<td style=\"width: auto; padding-left: 5px;\"><\/td>\n<td style=\"width: auto; padding-left: 5px; text-align: center;\"><\/td>\n<td style=\"width: auto; padding-left: 5px; text-align: center;\"><\/td>\n<td style=\"width: auto; padding-left: 5px;\">Subtotal: 2<\/td>\n<\/tr>\n<tr>\n<td style=\"width: auto; padding-left: 5px;\"><strong>Other<\/strong><\/td>\n<td style=\"width: auto; padding-left: 5px; text-align: center;\"><\/td>\n<td style=\"width: auto; padding-left: 5px; text-align: center;\"><\/td>\n<td style=\"width: auto; padding-left: 5px;\"><\/td>\n<\/tr>\n<tr>\n<td style=\"width: auto; padding-left: 5px;\">MA final dissertations<\/td>\n<td style=\"width: auto; padding-left: 5px; text-align: center;\">57<\/td>\n<td style=\"width: auto; padding-left: 5px; text-align: center;\"><\/td>\n<td style=\"width: auto; padding-left: 5px;\"><\/td>\n<\/tr>\n<tr>\n<td style=\"width: auto; padding-left: 5px;\">BA final dissertations<\/td>\n<td style=\"width: auto; padding-left: 5px; text-align: center;\">53<\/td>\n<td style=\"width: auto; padding-left: 5px; text-align: center;\"><\/td>\n<td style=\"width: auto; padding-left: 5px;\">Subtotal: 107<\/td>\n<\/tr>\n<\/tbody>\n<\/table>\n<ul style=\"text-align: justify;\">\n<li>Supervisor, together with Miguel \u00c1ngel Marcos Calvo, of the Ph\u00b4d Soraya Oronoz Rodr\u00edguez (URJC), \u00ab\u00c9tica, moral y educaci\u00f3n. Estudio sobre la educaci\u00f3n en valores c\u00edvicos y propuesta para su\u00a0concreci\u00f3n curricular y metodol\u00f3gica desde la primera infancia\u00bb, 15th July 2022, with <em>Sobresaliente<\/em><\/li>\n<li>Supervisor of the Ph\u00b4d Luisa Walliser Mart\u00edn (URJC), \u00abHerramientas digitales y narrativas aplicadas a la contextualizaci\u00f3n y difusi\u00f3n del Patrimonio arquitect\u00f3nico. Estudio de caso: el Real Sitio de El Pardo\u00bb, 21th March 2022, with the highest mark\u00a0<em>(Matr\u00edcula de honor)<\/em><\/li>\n<li>Supervisor, together with F\u00e9lix Labrador Arroyo, of the Ph\u00b4d of Alejandro S\u00e1ez Olivares (URJC), \u201cEl obispo Diego Ram\u00edrez de Villaescusa y su papel como mecenas de las artes\u201d, 15th July 2020, with the highest mark\u00a0<em>(Matr\u00edcula de honor)<\/em><\/li>\n<li>Supervisor of 2 ongoing Ph\u00b4d dissertation at URJC (Mar\u00eda del Valle Rico Pacheco and Sara Murillo Gonz\u00e1lez)<\/li>\n<li>Supervisor of two postdocs from the program Mar\u00eda Zambrano:\n<ul>\n<li>Oskar Jacek Rojewski (01\/02\/2022-31\/01\/2024)<\/li>\n<li>Frank Ejby Poulsen (01\/01\/2023-31\/12\/2024)<\/li>\n<\/ul>\n<\/li>\n<li>Supervisor of one research assistant from the Programa de J\u00f3venes Investigadores (CAM), december 2025-december 2026<\/li>\n<li>Supervisor of one research assitant from the program INVESTIGO (CAM), Irene Gonz\u00e1lez Blanco, since 28\/10\/2022-27\/10\/2023<\/li>\n<li><span style=\"line-height: 1.5em;\">Supervisor of 57 MA final dissertations in secondary education Master, M\u00e1ster of Advanced Docent Competences (CDA) and International Tourism Management Master, and member of twelve committees to judge them (2010-19)<\/span><\/li>\n<li><span style=\"line-height: 1.5em;\">Supervisor of 53 BA final dissertations, in history degree (23), primary education degree (11), pre-primary education (4), International Relations (2), Protocol (8) and tourism (5)<\/span><\/li>\n<li>Supervisor of one ERASMUS training grant with the student Marina Usai (Universit\u00e0 della Sapienza, Italy), 23\/04-22\/07\/2018<\/li>\n<li>Supervisor of three grants of\u00a0<em>Colaboraci\u00f3n con el departamento\u00a0<\/em>of the Spanish Ministry of Education, Soraya Rodr\u00edguez Oronoz, Academic year 2017\/18, Luc\u00eda Luque Segovia, Academic year 2019\/20, and Ana Cuadrado Moreno, Academic year 2022\/23<\/li>\n<li>Mentor of two mentees at the program Euriclea URJC (academic year 2024-2025)<\/li>\n<li>Mentor at the mentorship program of the Renaissance Society of America, Years 2018\/19 and 2019\/20<\/li>\n<li>Member of 3 tribunalS to judge a post of assistant professor at URJC (2021, 2025 (2) and 3 tribunal for ayudante doctor (2016, 2019 and 2024), and 1 tribunal for a post of PPIL at UAM (2024)<\/li>\n<\/ul>\n<p style=\"text-align: justify;\"><strong>Scholarships<\/strong><\/p>\n<ul>\n<li style=\"text-align: justify;\">Scholarship-assisted pre-doctoral student: Foreign relations office Faculty of Philosophy and Letters UAM, 3 months (1\/3\/1999-30\/06\/1999), 1.080 \u20ac<\/li>\n<li style=\"text-align: justify;\"><span style=\"line-height: 1.5em;\">ERASMUS\/SOCRATES, Rijksuniversiteit Groningen (Netherlands) (01\/09\/1997-30\/06\/1998), 1.200 \u20ac<\/span><\/li>\n<li style=\"text-align: justify;\"><span style=\"line-height: 1.5em;\">Scholarship-assisted pre-doctoral student as documentalist, European Social Fund, Women House (Casa de la Mujer), Alcobendas (Madrid), 3 months (15\/1\/1996-15\/4\/1996), 1.080 \u20ac<\/span><\/li>\n<\/ul>\n","protected":false},"excerpt":{"rendered":"<p>Innovative education publications Books as editor J. E. Hortal Mu\u00f1oz, M. Rivero Rodr\u00edguez and E. Torres Corominas (dirs.) and J. Pajar\u00edn Dom\u00ednguez (ed.), La ense\u00f1anza de las Humanidades y Ciencias Sociales a trav\u00e9s del mundo digital. Selecci\u00f3n de los mejores&hellip; <\/p>\n","protected":false},"author":2,"featured_media":0,"parent":0,"menu_order":0,"comment_status":"closed","ping_status":"closed","template":"","meta":{"footnotes":""},"class_list":["post-14","page","type-page","status-publish","hentry"],"_links":{"self":[{"href":"https:\/\/joseeloyhortal.com\/index.php\/wp-json\/wp\/v2\/pages\/14","targetHints":{"allow":["GET"]}}],"collection":[{"href":"https:\/\/joseeloyhortal.com\/index.php\/wp-json\/wp\/v2\/pages"}],"about":[{"href":"https:\/\/joseeloyhortal.com\/index.php\/wp-json\/wp\/v2\/types\/page"}],"author":[{"embeddable":true,"href":"https:\/\/joseeloyhortal.com\/index.php\/wp-json\/wp\/v2\/users\/2"}],"replies":[{"embeddable":true,"href":"https:\/\/joseeloyhortal.com\/index.php\/wp-json\/wp\/v2\/comments?post=14"}],"version-history":[{"count":16,"href":"https:\/\/joseeloyhortal.com\/index.php\/wp-json\/wp\/v2\/pages\/14\/revisions"}],"predecessor-version":[{"id":206,"href":"https:\/\/joseeloyhortal.com\/index.php\/wp-json\/wp\/v2\/pages\/14\/revisions\/206"}],"wp:attachment":[{"href":"https:\/\/joseeloyhortal.com\/index.php\/wp-json\/wp\/v2\/media?parent=14"}],"curies":[{"name":"wp","href":"https:\/\/api.w.org\/{rel}","templated":true}]}}